{"id":56,"date":"2018-02-22T15:33:51","date_gmt":"2018-02-22T14:33:51","guid":{"rendered":"https:\/\/www.werlich.biz\/?page_id=56"},"modified":"2018-02-23T17:56:58","modified_gmt":"2018-02-23T16:56:58","slug":"portfolio-2","status":"publish","type":"page","link":"https:\/\/www.werlich.biz\/?page_id=56","title":{"rendered":"Portfolio"},"content":{"rendered":"<ul>\n<li>individuelle Programmierungen<\/li>\n<li>Haussteuerungen und Installationen (EIB\/KNX)<\/li>\n<li>TK-Systeme (IP\/S2M\/ISDN\/ANALOG)<\/li>\n<li>PC-Systeme und Zubeh\u00f6r<\/li>\n<li>Hausnotrufsysteme (analog\/IP\/GSM)<\/li>\n<li>MAN\/WAN\/LAN &#8211; passive Komponenten<\/li>\n<li>LAN\/SAN &#8211; aktive Komponenten<\/li>\n<li>LAN-Br\u00fcckenl\u00f6sungen (VPN, Funk)<\/li>\n<li>Unix- und Windowsderivate<\/li>\n<li>Firewall- &amp; Webserverl\u00f6sungen<\/li>\n<li>DMZ-L\u00f6sungen f\u00fcr IoT<\/li>\n<li>Wartung\/Fernbetreuung<\/li>\n<\/ul>\n<p>&nbsp;<\/p>\n<p>&nbsp;<\/p>\n<p>&nbsp;<\/p>\n<p>&nbsp;<\/p>\n<p>&nbsp;<\/p>\n<p>&nbsp;<\/p>\n<p>&nbsp;<\/p>\n<p>&nbsp;<\/p>\n<p>&nbsp;<\/p>\n<p>&nbsp;<\/p>\n<p>&nbsp;<\/p>\n<p>&nbsp;<\/p>\n","protected":false},"excerpt":{"rendered":"<p>individuelle Programmierungen Haussteuerungen und Installationen (EIB\/KNX) TK-Systeme (IP\/S2M\/ISDN\/ANALOG) PC-Systeme und Zubeh\u00f6r Hausnotrufsysteme (analog\/IP\/GSM) MAN\/WAN\/LAN &#8211; passive Komponenten LAN\/SAN &#8211; aktive Komponenten LAN-Br\u00fcckenl\u00f6sungen (VPN, Funk) Unix- und Windowsderivate Firewall- &amp; Webserverl\u00f6sungen DMZ-L\u00f6sungen f\u00fcr IoT Wartung\/Fernbetreuung &nbsp; &nbsp; &nbsp; &nbsp; &nbsp; &nbsp; &nbsp; &nbsp; &nbsp; &nbsp; &nbsp; &nbsp;<\/p>\n","protected":false},"author":2,"featured_media":0,"parent":0,"menu_order":0,"comment_status":"closed","ping_status":"closed","template":"","meta":{"footnotes":""},"class_list":["post-56","page","type-page","status-publish","hentry"],"_links":{"self":[{"href":"https:\/\/www.werlich.biz\/index.php?rest_route=\/wp\/v2\/pages\/56","targetHints":{"allow":["GET"]}}],"collection":[{"href":"https:\/\/www.werlich.biz\/index.php?rest_route=\/wp\/v2\/pages"}],"about":[{"href":"https:\/\/www.werlich.biz\/index.php?rest_route=\/wp\/v2\/types\/page"}],"author":[{"embeddable":true,"href":"https:\/\/www.werlich.biz\/index.php?rest_route=\/wp\/v2\/users\/2"}],"replies":[{"embeddable":true,"href":"https:\/\/www.werlich.biz\/index.php?rest_route=%2Fwp%2Fv2%2Fcomments&post=56"}],"version-history":[{"count":8,"href":"https:\/\/www.werlich.biz\/index.php?rest_route=\/wp\/v2\/pages\/56\/revisions"}],"predecessor-version":[{"id":73,"href":"https:\/\/www.werlich.biz\/index.php?rest_route=\/wp\/v2\/pages\/56\/revisions\/73"}],"wp:attachment":[{"href":"https:\/\/www.werlich.biz\/index.php?rest_route=%2Fwp%2Fv2%2Fmedia&parent=56"}],"curies":[{"name":"wp","href":"https:\/\/api.w.org\/{rel}","templated":true}]}}